ppose 4*v - 221 = 303. Suppose -39 = 4*w - v. What is the tens digit of w?
2
What is the tens digit of -5*((-23)/(-5))/(-1)?
2
Suppose 0 = 4*j - j - 6. Let c(f) = -5*f**2 + 5*f - 2. Let k(v) = 2*v**2 - 2*v + 1. Let b(m) = 4*c(m) + 11*k(m). What is the units digit of b(j)?
7
Suppose 0 = 4*o + o - 20, -4*b + 2*o + 12 = 0. What is the tens digit of ((-18)/b)/(9/(-45))?
1
Suppose 0*u = 4*r + 2*u + 20, 4*r - 4*u + 44 = 0. Let a = r + 8. What is the units digit of a?
1
Let h = 53 - 22. Suppose -3*t = -16 + 4, -4*t = -m - 4. Let f = h - m. What is the tens digit of f?
1
Suppose 2*f - 42 = -f. Let m = f - -4. What is the tens digit of m?
1
Suppose -o = -2*o + 5*c + 67, -2*o = -3*c - 134. Let b = o + -39. What is the units digit of b?
8
Let d(x) = 5*x - 6. What is the units digit of d(4)?
4
Let g(z) = -28*z - 44. What is the units digit of g(-7)?
2
Let q(k) = k**2 - 8*k + 9. Let o be q(8). Let u = o - 3. What is the units digit of u?
6
Let f(b) = -19*b**3 - 2*b**2 + 1. Let t be (2 - -2 - 3)/(-1). What is the units digit of f(t)?
8
Let d(u) be the third derivative of u**5/60 - u**4/24 - u**3/2 + 3*u**2. What is the tens digit of d(-4)?
1
Let x(r) = -4 - 5*r + 5*r**3 - 4*r**3 + 2 + 12*r - 6*r**2. What is the units digit of x(5)?
8
Let v(q) = q**3 + q**2 - 4*q - 2. Let t be v(-3). What is the tens digit of t/6*(-60)/8?
1
Let f(d) = -6 + 4*d**2 + 5 + 2. What is the units digit of f(-2)?
7
Let w = 100 - 62. What is the tens digit of w?
3
Let o = 135 + -38. What is the tens digit of o?
9
Let p = -31 + 82. What is the units digit of p?
1
Let x be ((-1)/2)/((-5)/20). Let o be 6 - 3/(3/x). Suppose o*g + 40 = 8*g. What is the tens digit of g?
1
Suppose 5*y + 33 = o, 0*o - 77 = -3*o + 4*y. Let s be -1*1 + (-12)/2. Let w = s + o. What is the tens digit of w?
1
Suppose 3*z = -4*g + 144 - 53, -41 = -2*g - 3*z. Let f = g + -10. Suppose 9 = 2*n - f. What is the units digit of n?
2
Let q = -5 + 23. What is the tens digit of q?
1
Suppose 0 = -5*x + 2*q + 17, -x + 2*q + 6 = -q. Suppose -2*c = 2*w, 3*w = -c - x*c - 4. Suppose 5*r = 0, -2*t + 1 + 27 = w*r. What is the tens digit of t?
1
Let t = -15 + 22. Suppose 11*z = 7*z + 8. Suppose 3*l + z*x = 23, 2*l - 3*x = l - t. What is the units digit of l?
5
Let w(h) = 32*h**3 - 2*h + 1. What is the tens digit of w(1)?
3
Let a be 0 + 5/((-10)/(-6)). Let u = a + 0. What is the units digit of u?
3
Let z(l) = 6*l**2 - l. Let d(c) = -c**2 - 3*c. Let b be d(-2). Let w be (-2)/2 + -2 + b. What is the units digit of z(w)?
7
What is the tens digit of -2 - 3*(-248)/12?
6
Let a(v) = v + 3. Suppose r = -4*r + 25. Suppose -b - b + 3*f = 0, b = r*f. What is the units digit of a(b)?
3
Let d = 560 + -397. What is the tens digit of d?
6
Suppose 3*y + y = 3*j - 110, y + 189 = 5*j. What is the units digit of j?
8
What is the units digit of (1/(-3))/(7/(-735))?
5
Suppose 5*x - 26 = 159. Let l = 4 - -19. Suppose 3*p = l + x. What is the tens digit of p?
2
Suppose -2*v = 2*i - 144, -366 = -5*i + v - 4*v. Let k = -45 + i. What is the tens digit of k?
3
Let d = 5 + -3. Suppose 6*o = d*o - 2*q + 12, q = o - 3. Suppose o*a = -j - 8, 5*j + 4 = -2*a - a. What is the units digit of j?
1
Let h(z) = z**3 - 4*z**2 + 5*z - 2. Let b(g) = 3*g**3 - 12*g**2 + 14*g - 5. Let j(d) = 6*b(d) - 17*h(d). What is the units digit of j(5)?
4
Let j = 15 + -7. Let s = -2 + j. What is the units digit of s?
6
Let j be 4*(26/(-8) - -2). Let i be -6*2/(-6)*j. What is the units digit of 3*i/(-3) + 1?
1
Let t(g) = -g**2 - 6*g - 3. What is the units digit of t(-4)?
5
Suppose -5*z - 158 = -m, 0 = -m - 4*z - 0*z + 122. What is the hundreds digit of m?
1
Suppose 5*p - 226 = -4*l + 104, 5*p + 5*l = 335. What is the tens digit of p?
6
Let t(m) = -2*m - 6. Let s be t(-7). Suppose 2*r = 6*r + s. What is the units digit of r + 0 + 0 - -8?
6
Suppose 4*i - 78 = -2. What is the units digit of i?
9
Let c be 3*4/6 + 4. Suppose 0 = 3*q, 0 = 2*g - g + 3*q - c. Let n = g + 2. What is the units digit of n?
8
Let f = 11 + 4. What is the tens digit of f?
1
Suppose 0 = -p - 3*p + 120. Suppose y = -4*y - p. What is the units digit of (-32)/(-12) - 2/y?
3
Let t(d) = -d**3 - 5*d**2 - d + 13. What is the units digit of t(-4)?
1
Let i(h) = 2*h + 48. What is the units digit of i(-7)?
4
Let f = -13 - -16. Let q(j) = -3*j - 1 + j**2 + 3*j - 2*j. What is the units digit of q(f)?
2
Let c = 48 - -124. What is the tens digit of c?
7
Suppose -5 = -y + 5*v, -y + 4*v = 1 - 7. What is the tens digit of y?
1
Suppose 2453 - 50 = 9*m. What is the units digit of m?
7
Suppose w + 0*w = 5*i - 27, 0 = -5*i + 2*w + 29. What is the units digit of i?
5
Let z = -29 + 16. Let j = -8 - z. Suppose 2*p - j = 19. What is the units digit of p?
2
Let t(f) = 67*f - 12. What is the tens digit of t(3)?
8
Let h = 15 - 7. Suppose 0*u - 2*u + h = 0. What is the units digit of u?
4
Suppose 5*r = 3*r. Suppose -2*p - 6 = 2*s + 3*p, s - 3*p - 8 = r. Suppose s*q - 24 = -2*l, 61 = 5*q - 4*l - 8. What is the tens digit of q?
1
Let m(v) = v**2 - 6*v + 9. Suppose -a - 1 = -7. What is the units digit of m(a)?
9
Let h be 28/2 + (-10 - -6). Let r(u) = u**2 - 6*u. What is the units digit of r(h)?
0
Suppose 8*n = 4*n + 160. What is the tens digit of n?
4
Let x(z) = -4*z**2 + 4 + 3*z**2 - z**3 - 2*z**2. What is the units digit of x(-4)?
0
Let i(t) = t**3 + 30. What is the units digit of i(0)?
0
Suppose -900 = -5*o + 5*u - 315, 3*u - 6 = 0. What is the tens digit of o?
1
What is the units digit of (-1 + -2)/(30/(-430))?
3
Suppose r + 31 = -2*o, 4*o + 3*r + 0*r + 57 = 0. Let j = o - -36. What is the units digit of j?
8
Suppose -32 = -5*l + d + 2*d, 3*l - d = 20. What is the units digit of l?
7
Suppose s - 5*h = 2 - 10, -5*s = -h - 8. Suppose s*q - 52 = -10. What is the tens digit of q?
2
Let q = -26 + 16. Let a = -6 - q. What is the units digit of a?
4
Let f(v) = -v**3 - 6*v**2 - 4*v + 3. Let c be f(-5). Let b be 37/5 - c/(-5). What is the units digit of 1/(-1) + b + -2?
4
Let g(a) = -2*a + 3. Let m be g(3). Let b be (4/(-12))/(m/27). Suppose b = u - 1. What is the units digit of u?
4
What is the tens digit of (-254)/3*-6*(-1)/(-4)?
2
Suppose 0 = 3*w - 2*r - 111, -4*r = r. What is the tens digit of w?
3
Let n be 0/(-4) + 2*-2. Let s = 17 + n. What is the units digit of s?
3
Let f(i) = i**2 - 9*i + 5. What is the units digit of f(9)?
5
Suppose -2*p + 88 = -4*v, 2*p + 2*v = -v + 88. What is the units digit of p?
4
Suppose 0 = a - 4, -6*q - 2*a = -2*q - 36. Let s = -8 + q. What is the tens digit of (s/(-1))/((-5)/(-85))?
1
Let f(g) = -g. Let p be f(-6). What is the tens digit of 140/p - (-8)/12?
2
Let t = -4 + 4. Suppose t*k = k - 15. Suppose 5*j - k = 0, -q + 2*q = 2*j. What is the units digit of q?
6
Let g be (-1 + 2)/((-2)/(-6)). Suppose 0 = -g*a + 2*l + 16, 2*a - 6*a + 10 = 3*l. Suppose 0 = k + 3*f - 14, 6*f = a*k + f - 22. What is the units digit of k?
8
Let g(t) = t - 3 - 3*t - 9 + 3. Let v be g(-7). What is the units digit of ((-6)/(-4))/(v/20)?
6
Suppose -y - 3*d = -2*d - 21, y = 5*d + 27. What is the units digit of y?
2
Let g = -304 + 440. What is the units digit of g?
6
What is the units digit of 250/4 - 1/2?
2
Let d = -40 - -68. What is the units digit of d?
8
Let n(q) = -4*q + 2*q - 4*q - 2 - 10*q. What is the units digit of n(-1)?
4
Suppose -2*i - 2*m = -62, 0 = -4*i - 0*m + 2*m + 94. What is the units digit of i?
6
Let c be ((-2)/6)/(6/72). What is the units digit of 114/c*(2 - 4)?
7
Suppose 7*y = 24*y - 3604. What is the units digit of y?
2
Suppose 0*p - 5*d = p + 6, -3*d = -2*p - 51. Let y = p - -37. What is the tens digit of y?
1
Let r(a) = 2*a**2 - 7*a + 10. Let z be ((-21)/12)/(1/4). Let t(p) = -5*p**2 + 14*p - 21. Let q(k) = z*r(k) - 3*t(k). What is the units digit of q(-8)?
1
Suppose -4*h + 14 = -30. What is the units digit of h?
1
Let n(p) be the first derivative of p + 1 + 1/2*p**2 + 4/3*p**3. What is the units digit of n(-1)?
4
Let n = 128 - 83. What is the tens digit of n?
4
Let m(s) = -s**2 - 9*s - 11. Let c be m(-8). What is the units digit of -2*1/(c/24)?
6
Suppose 4*v + 9 = m + 3*v, 0 = -2*v - 10. Suppose 0 = n - 1, -14 = -k + m*n + 12. What is the tens digit of k?
3
Let x be 357/21 - (1 - -2). Let m = -2 + 4. Suppose 5*u - 75 = -3*r + x, u = -m*r + 22. What is the units digit of u?
6
Let g(z) = 26*z - 3. Let n be g(3). Suppose 